g) = g**3 - g**2 - 5*g + 3. Let j(f) = f**3 - 2*f**2 - 4*f + 3. Let q(r) = 3*j(r) - 2*w(r). Suppose 0 = -56*c + 11*c + 90. Give q(c).
-9
Let h(r) = 28*r**2 + r. Suppose -z - 2*u = -3, 10 - 8 = u. Give h(z).
27
Suppose -u + 0*u + 2 = 0. Let d(r) = -251 - 6*r + 251. Give d(u).
-12
Let s(f) = 3 - 33 + 3*f + 13 + f**3 + 20 + 5*f**2. Suppose 5 = -2*v - 3*n, 8*n = v + 3*n + 9. What is s(v)?
7
Let w(f) = f - f - 7*f + 3*f. Let t be 11/((-1 + 4)/(-3)). Let q = -10 - t. Give w(q).
-4
Let p(m) = m. Let i(c) = -7*c + 1. Let v(l) = i(l) + 6*p(l). Suppose -10*s + 11*s = 90. Let d = 92 - s. Calculate v(d).
-1
Let w(n) = 4*n - 58. Let z(y) = -6*y + 83. Let x(a) = 7*w(a) + 5*z(a). Give x(11).
-13
Let u(c) = -c - 4. Suppose f + 2*f - 37 = -5*g, -2*g + 2 = -2*f. Suppose s = s + f*s. What is u(s)?
-4
Let j(b) be the third derivative of b**5/30 - b**4/8 - b**3/2 + 3*b**2 - 37*b. Suppose 5*d - 2*z = -7*z, 4 = 3*d + 5*z. What is j(d)?
11
Let i(z) = z + 26. Let h be i(-20). Let n(b) = -5 + 2*b + 9 + 3*b - h. Determine n(-2).
-12
Let r(w) = w - 1. Let f(g) = -g**3 + 2*g + 3. Suppose 3*z + 0*z = 3*q, -3*z = -3. Let y(x) = q*r(x) + f(x). What is y(-2)?
4
Let n(b) be the second derivative of -b**3/6 + 17*b**2/2 - 20*b. Let d be n(5). Let t(i) = -i + 8. Determine t(d).
-4
Suppose -4 = -n - 0*n. Suppose -7 + 35 = -n*x. Let w(l) be the second derivative of l**5/20 + 7*l**4/12 + 7*l**2/2 - l. What is w(x)?
7
Let v = -24 - -34. Let t = 12 - v. Let s(z) = -z**2 + 2*z**2 - t*z**2 - 3 - 3*z. Determine s(-3).
-3
Let b(l) = -l**3 - 7*l**2 + 16*l - 5. Let y(t) = -121*t - 493. Let o be y(-4). Calculate b(o).
13
Let w(g) = -7*g**3 + 10*g**2 - 8*g - 16. Let d(l) = 8*l**3 - 11*l**2 + 10*l + 17. Let y(c) = -6*d(c) - 7*w(c). Give y(4).
-6
Let x(w) be the first derivative of -1/6*w**3 + 0*w - 5/2*w**2 + 1/24*w**4 + 7. Let z(t) be the second derivative of x(t). Calculate z(-1).
-2
Suppose 3*s - 19 = -7. Suppose p - s = -2. Let n(x) = -6*x**p - 4*x + 0*x + 5*x**2 + x. Determine n(-3).
0
Let s(d) = 7*d + 4. Let r(n) be the first derivative of n**4/4 + 11*n**3/3 + n**2/2 + 8*n + 2. Let q be r(-11). Determine s(q).
-17
Suppose -27 - 1 = -v. Let q(k) = -5*k + 31 - k**2 - v + 3*k. Give q(2).
-5
Suppose -5*s + 49 = -6*t + 2*t, 4*s - 32 = 2*t. Let x be (2 - 2) + -2 - -5. Let o(g) = 7*g - 5*g**2 + 3*g**2 + 2 + 9*g**2 + g**x. What is o(t)?
-4
Let k(s) = 7*s**3 + 17*s**2 - 12*s + 3. Let a(z) be the first derivative of z**4 + 3*z**3 - 3*z**2 + 2*z + 32. Let b(q) = -5*a(q) + 3*k(q). Determine b(-7).
-8
Suppose -3*c = 5*i + 35, -3 = -4*c + 3*i - 11. Let o(k) be the second derivative of -k**5/20 - k**4/2 - k**3 + k**2/2 - 6*k. What is o(c)?
6
Suppose 0 = -2*o + 3*o - 2. Let b(m) = -m**3 + 12*m**2 + 1. Let x be b(12). Let q(g) = -4*g - 1 + 4 - x + 2*g**2 - g**3 + 2*g**2. Give q(o).
2
Let s(r) be the third derivative of -r**4/12 - r**3 + 71*r**2. Calculate s(-15).
24
Let p = -15 - -18. Let x(q) = -q - p*q**2 + 2*q**2 + 74 - 64. Calculate x(0).
10
Let v be (-16 + 15)/(-1*1/(-12)). Let i(f) = -f**3 - 11*f**2 + 11*f - 6. Determine i(v).
6
Let u(j) = 5*j - 38. Let b be u(8). Let z(i) = 7*i**b + 0*i**2 + 5 + i**3 - 2*i**3 - 2*i. What is z(7)?
-9
Let v(r) = -r + 3708 - 3708. Let j(p) = 3*p - 5. Let y(n) = j(n) + 2*v(n). Suppose -4*m + 28 = -0. Determine y(m).
2
Let c(x) = x**2 - 5*x + 4. Let i = -19 + 23. Let q be 3 + i/(-20)*0. Determine c(q).
-2
Let o(u) be the second derivative of u**4/12 - u**3/2 + u**2/2 + u + 9. Determine o(4).
5
Suppose 50 - 25 = 5*r. Suppose 3*k + r*t = -40, -4*k - 42 = 2*t - t. Let w(c) = c**3 + 10*c**2 - c - 3. Determine w(k).
7
Let y(j) = -j**3 + 6*j**2 + j + 1. Let q = -10 + 4. Let k(i) = -i**3 + 6*i**2 + 2. Let z(v) = q*y(v) + 5*k(v). Calculate z(7).
11
Let y(v) = -5*v + 4. Let l(m) = -14*m + 12. Let p(d) = 6*l(d) - 17*y(d). Calculate p(6).
10
Let s(g) be the third derivative of -g**5/60 + g**3/3 + 2*g**2 - 8. Suppose -4*w + 2*a = -12, 0*w + 6 = 2*w + 4*a. Suppose -w - 9 = -3*q. Calculate s(q).
-14
Let b(a) = -2*a - 2. Let z be b(-4). Suppose -u = u - z. Let s(l) = u + l**3 + 7 + 2*l - 1 + 0 + 7*l**2. What is s(-7)?
-5
Let h(i) = -3*i**3 + 11*i**2 - 8*i + 2. Let w(m) = 10*m**3 - 36*m**2 + 25*m - 7. Let z(y) = 7*h(y) + 2*w(y). Give z(4).
-8
Let a(g) = -242*g + 501*g + 0*g**2 - 252*g - g**2. What is a(7)?
0
Let h(c) = 6*c**2 - 20*c + 30. Let i(o) = o**2 - 4*o + 6. Let l(n) = -2*h(n) + 11*i(n). Let k = -16 + 16. Suppose u + 6 - 1 = k. Determine l(u).
1
Let y(x) = -3*x - 4. Suppose 3*c - 2*d = 250, -c + 65 = -0*c + 3*d. Let l = -75 + c. Give y(l).
-19
Let f(v) = 5 - 24*v + 8 + 8 - 18. Calculate f(2).
-45
Let u(a) = -a**2 + a + 2. Let n be u(0). Let q be -2 + 3 - -6 - n. Suppose -5 = -q*h + 5. Let t(z) = -z**2 + 4*z - 3. Calculate t(h).
1
Let o(q) = -q**3 - 25*q**2 + 20*q - 11. Let w(c) = -c**3 - 49*c**2 + 40*c - 21. Let d(v) = 5*o(v) - 3*w(v). Calculate d(10).
8
Let q(x) = 5*x - 4*x - 7*x + 4*x + 6. Let v(m) = m - 4. Let y be v(8). Give q(y).
-2
Let v(q) = -3*q - 13*q**3 + 14*q**3 - 4 + 4*q + q**2. Let g(u) = u + 12*u**2 + u**3 + 10*u + 0*u**3. Let r be g(-11). Give v(r).
-4
Suppose -2*m - 2*m + 8 = 0. Let f(a) = -a**3 + 3 - 4*a - 12 + 7*a**m + 2. Let d(q) = -q**3 + 3*q**2 + 2*q. Let x be d(3). Calculate f(x).
5
Suppose 0 = -2*s - 8 - 2, u - 2*s - 14 = 0. Suppose -5*g + u - 7 = 4*w, -4 = 2*w. Let j(n) = -4*n**2 + n. Calculate j(g).
-3
Let a(n) be the first derivative of -30 + 3/2*n**2 - 4*n + 1/4*n**4 + 5/3*n**3. Calculate a(-4).
0
Let h be ((-8)/(-3) - 2)/((-2)/(-9)). Let i(j) = -j**3 + j**2 + 5*j - 3. Determine i(h).
-6
Let r(a) be the first derivative of -a**4/4 + 2*a**3 - a**2 + 7*a + 22. Determine r(5).
22
Let a be ((84/6)/7)/((-1)/4). Let k(s) = s**2 + 3*s + 9. Calculate k(a).
49
Let t(p) be the first derivative of 3/2*p**2 + 5 - 2*p. Calculate t(4).
10
Let p(l) = l**3 + 6*l**2 + 4*l - 4. Let v be -14 - (-80)/(4 - -4). Calculate p(v).
12
Suppose -l - 5*k + 9 = 0, 3*k + k = 4. Suppose 0 = q + 2*h - 7 - 13, -l*q + 45 = h. Let t(b) = q*b + b + 3*b + 2*b. What is t(-1)?
-16
Let j be (((-24)/(-4))/2)/(-1). Let r be (-24)/(-6) + (-1 - j). Let x(o) = o**2 - 7*o + 5. Calculate x(r).
-1
Suppose 21*d = 25*d - 24. Let l(p) = p**2 - 8*p + 2. Determine l(d).
-10
Let t(l) = -2*l + 3. Let x = 172 - 168. Calculate t(x).
-5
Let l(r) = -r - 2. Let u be 9 - ((-10)/5 + 3). Suppose -2*m = 10 - u. Calculate l(m).
-1
Let b(w) be the first derivative of -w + 7 - 1/6*w**3 + 0*w**2. Let s(z) be the first derivative of b(z). Calculate s(0).
0
Let n(h) = -11*h**2 - 21 + h**3 - 13*h**2 - 6*h + 26*h**2 - 10*h**2. Determine n(9).
6
Let f(d) = 3*d**3 - 7*d**2 - 12*d + 4. Let i(x) = 4*x**3 - 7*x**2 - 13*x + 5. Let n be (15/6 + -1)/(2/4). Let c(g) = n*f(g) - 2*i(g). What is c(8)?
-14
Let t(b) be the second derivative of -b**5/20 + 5*b**4/12 + b**3/6 - 2*b**2 - 15*b - 9. Determine t(3).
17
Let g(j) = 2203*j**3 - 3*j**2 - 2202*j**3 + 0 - 4. What is g(3)?
-4
Suppose 0 = 13*i - 7*i. Let u(t) = 2*t + 6. What is u(i)?
6
Let n(o) = -21*o + 10. Let b(u) be the third derivative of -7*u**4/12 + 7*u**3/6 - u**2. Let a(i) = -7*b(i) + 5*n(i). Let m be 11/9 + (-4)/18. Determine a(m).
-6
Let y(f) = -13*f + 639. Let p be y(49). Let o(n) be the first derivative of -5*n**2/2 + n - 2. Give o(p).
-9
Let o(w) be the first derivative of -w**6/360 + w**5/120 - 2*w**3 - 9. Let t(f) be the third derivative of o(f). What is t(3)?
-6
Let y(b) = b**3 + 11*b**2 + 8*b - 93. Let z be y(-9). Let w(q) = -7*q + 3. Give w(z).
24
Let m(a) = a**3 - 3*a**2 + 4*a - 3. Let j = 30 + -42. Let u be 16 - 3*8/j. Let n = u + -16. Determine m(n).
1
Suppose -6*q + 4 = 16. Let h(g) = -9 + g + 11 - 1. Calculate h(q).
-1
Let n(u) = -u - 5. Let b(p) = -2*p - 11. Let w(q) = -3*b(q) + 7*n(q). Suppose 0 = -6*h - 12 - 84. Let v(z) = z**2 + 15*z - 12. Let m be v(h). Determine w(m).
-6
Let c(f) = -f**3 - 5*f**2 - 5*f - 5. Let i = 622 + -626. Calculate c(i).
-1
Let c(n) = n**3 - 6*n**2 - 4*n - 8. Let s(l) = -l**3 - 11*l**2 - 3*l - 26. Let p be s(-11). Calculate c(p).
13
Let f(r) = 56*r - 19. Let m(n) = -39*n + 13. Let s(h) = 5*f(h) + 7*m(h). Determine s(1).
3
Let h(s) = s**2 - 4. Let i(c) = -3*c**2 - 2*c + 17. Let m(o) = 4*h(o) + i(o). What is m(-2)?
9
Let v(j) = -j**3 + 14*j**2 + 14*j + 22. Let n = -1082 + 1097. Calculate v(n).
7
Let d(s) be the first derivative of